1
Let w(v) = -2*v**2 + 12*v + 25. What is w(-2)?
-7
Let r(q) = -5*q**2 + 26*q + 136. What is r(-7)?
-291
Let x(m) = 170*m - 7320. Calculate x(43).
-10
Let n(x) = 2*x**3 + 49*x**2 + 12*x - 302. Calculate n(-24).
-14
Let o(a) = a**3 + 7*a**2 - 25*a - 58. Calculate o(-9).
5
Let o(h) = h**3 - 20*h**2 + 37*h - 15. What is o(18)?
3
Let i(m) = -589*m - 32394. Give i(-55).
1
Let j(t) = 51*t**2 - 411*t + 20. Calculate j(8).
-4
Let c(n) = n**3 - 16*n**2 + 40*n - 167. Determine c(14).
1
Let t(l) = 2*l**2 + 6*l + 16. What is t(-4)?
24
Let l(t) = -2*t**2 - 65*t + 335. Determine l(-37).
2
Let x(m) = m**2 + 31*m - 560. What is x(25)?
840
Let h(d) = -98*d. Calculate h(-1).
98
Let o(b) = -774*b - 20882. Determine o(-27).
16
Let h(c) = -c**3 + 127*c**2 - 110*c - 1706. Calculate h(126).
310
Let p(z) = 186*z + 138. What is p(-1)?
-48
Let a(b) = b**2 - 51*b + 227. What is a(46)?
-3
Let j(d) = 271*d - 2971. Give j(11).
10
Let a(m) = m**3 + 26*m + 101. Determine a(-3).
-4
Let p(s) = -840*s + 13416. Calculate p(16).
-24
Let b(t) = -t - 30. What is b(12)?
-42
Let n(b) = -b**3 - 8*b**2 - 18*b - 18. Determine n(-2).
-6
Let z(c) = 2*c**2 + 107*c - 572. Determine z(-58).
-50
Let g(q) = q**3 + 2*q**2 - 114*q + 314. What is g(3)?
17
Let i(w) = -21*w + 56. Calculate i(-12).
308
Let w(d) = -d**2 - 30*d - 133. Give w(-25).
-8
Let t(g) = g**3 - g**2 + 16*g + 34. Calculate t(-2).
-10
Let z(n) = 3*n**3 - 24*n**2 + 4*n + 5. Give z(8).
37
Let s(q) = -q**3 + 5*q**2 - 347*q + 2114. Determine s(6).
-4
Let j(c) = 23*c**2 + 183*c + 18. What is j(-10)?
488
Let j(m) = m**3 - 32*m**2 + 252*m + 9. Calculate j(10).
329
Let z(y) = -y**3 + 113*y**2 + 3617*y - 439. Calculate z(139).
-22
Let n(v) = v**2 - 219*v + 3620. What is n(18)?
2
Let r(i) = -i**2 - 22*i - 130. What is r(-30)?
-370
Let d(k) = 8*k + 194. Determine d(0).
194
Let y(u) = -u**3 + 21*u**2 - 104*u - 2. Calculate y(13).
-2
Let a(z) = 6*z**2 - 7*z - 18. Give a(-4).
106
Let a(r) = -37*r**2 + 2*r + 6. Give a(-2).
-146
Let b(q) = -182*q**3 - q**2 - q + 2. Calculate b(1).
-182
Let u(x) = -x**2 + 263*x - 527. Calculate u(2).
-5
Let k(g) = -3*g**2 - 10*g + 11. Calculate k(-4).
3
Let a(j) = -54*j + 365. Determine a(8).
-67
Let h(b) = -1286*b + 20577. Give h(16).
1
Let h(k) = 4*k**3 - 14*k**2 + 27*k - 34. Determine h(3).
29
Let d(g) = -g**2 + 17*g + 72. What is d(-4)?
-12
Let m(k) = 2*k**2 - 43*k - 600. What is m(-18)?
822
Let b(g) = -g**2 - 1994*g + 5985. Calculate b(3).
-6
Let v(u) = 307*u + 1849. Give v(-6).
7
Let j(c) = 2*c**2 - 104*c - 1678. What is j(-13)?
12
Let d(i) = -2*i**3 + 10*i**2 + 14*i + 3. What is d(10)?
-857
Let f(o) = 9*o**2 + 848*o - 1721. What is f(2)?
11
Let v(k) = -k**3 - 10*k**2 + 28*k - 35. Calculate v(-13).
108
Let q(d) = 6*d**2 - 45*d - 539. Determine q(-9).
352
Let f(k) = 15*k - 13. Give f(9).
122
Let w(c) = 531*c - 9021. Give w(17).
6
Let j(c) = -2*c**2 + 7*c + 59. Determine j(6).
29
Let v(q) = 2*q**3 + 181*q**2 + 92*q + 156. Determine v(-90).
-24
Let i(c) = -17*c + 69. Give i(46).
-713
Let j(h) = 5*h**2 + 55*h + 164. Determine j(-3).
44
Let g(u) = 12*u**2 - 110*u - 9. What is g(9)?
-27
Let n(d) = -d**3 + 21*d**2 + 21*d + 25. Give n(22).
3
Let g(i) = -24*i**3 + 6*i**2 - 9*i + 5. Calculate g(2).
-181
Let i(z) = z**2 - 1938*z + 36464. Give i(19).
3
Let p(u) = -104*u - 2082. What is p(-20)?
-2
Let b(w) = w**2 + 30*w - 77. Give b(-30).
-77
Let v(h) = h**3 + 3*h**2 - 4*h - 20. Give v(-3).
-8
Let j(g) = -g**2 - 27*g - 47. What is j(-2)?
3
Let s(z) = 51*z + 1207. Give s(-23).
34
Let v(q) = -2*q**3 - 14*q**2 - 4*q + 34. Calculate v(-7).
62
Let c(p) = -4*p - 28. Give c(-2).
-20
Let s(y) = -2*y**2 + 9*y + 33. What is s(7)?
-2
Let h(w) = -375*w**2 + 403*w + 2. What is h(1)?
30
Let g(v) = 32*v**3 + 3*v**2 - 63*v - 132. Give g(-2).
-250
Let k(h) = 3*h**2 - 27*h - 69. Give k(-4).
87
Let i(d) = d**3 - 81*d**2 - 545*d - 127. Give i(-6).
11
Let i(b) = 423*b - 29181. Determine i(69).
6
Let g(n) = -89*n + 616. Calculate g(7).
-7
Let b(o) = 12*o**2. What is b(-1)?
12
Let x(m) = m**3 + 3*m**2 - 8*m - 10. Determine x(-1).
0
Let z(w) = 15*w**2 - 136*w - 96. Calculate z(10).
44
Let h(m) = 48*m + 3125. What is h(-48)?
821
Let b(l) = 18*l - 1138. What is b(63)?
-4
Let w(y) = 44*y - 2724. Determine w(59).
-128
Let z(j) = -158*j + 273. What is z(0)?
273
Let u(i) = -3*i**2 + 356*i + 1793. Determine u(-5).
-62
Let k(m) = m**3 + 70*m**2 + 88*m + 1320. Determine k(-69).
9
Let l(i) = -i**3 + 5*i**2 + 55*i + 23. Determine l(11).
-98
Let l(q) = q**2 + 28*q - 724. Determine l(17).
41
Let i(f) = 133*f - 543. What is i(6)?
255
Let g(h) = 5*h**3 + 36*h**2 + 28*h - 54. Give g(-6).
-6
Let b(x) = -2*x**2 + 270*x + 813. Determine b(-3).
-15
Let n(b) = b**2 - 28*b - 828. Calculate n(46).
0
Let i(m) = 3*m**2 - 192*m + 1444. Give i(9).
-41
Let s(p) = 2*p**3 + 84*p**2 + 3*p - 135. Determine s(-42).
-261
Let m(r) = -8*r**2 + 221*r + 2. Give m(0).
2
Let q(a) = a**3 + 11*a**2 + 12*a - 15. What is q(-10)?
-35
Let h(f) = 53*f + 1787. Calculate h(-32).
91
Let n(f) = 6*f**2 + 46*f - 126. Determine n(-10).
14
Let b(h) = h**3 + 9*h**2 - 39*h - 20. Give b(-12).
16
Let a(w) = w**3 - 22*w**2 - 29*w + 137. Give a(23).
-1
Let c(j) = j**3 - 250*j**2 + 298*j - 12210. Give c(249).
-9
Let n(s) = s**2 - 62*s - 4025. What is n(101)?
-86
Let i(z) = 3*z**3 - 14*z**2 + 5*z - 10. Give i(4).
-22
Let p(c) = c**2 - 187*c + 2109. Give p(12).
9
Let s(v) = -653*v**2 - 11*v - 10. Give s(-1).
-652
Let u(l) = -90*l**2 + 547*l - 41. Give u(6).
1
Let u(a) = 3*a**3 + 2*a**2 + 2*a - 3. Give u(-4).
-171
Let q(b) = -493*b - 133605. Calculate q(-271).
-2
Let s(d) = 50*d - 3127. Give s(67).
223
Let k(h) = -223*h + 1109. Calculate k(5).
-6
Let j(f) = 7*f - 324. Calculate j(-7).
-373
Let o(y) = 13*y**2 + 882*y + 1761. Give o(-2).
49
Let m(x) = -x**3 + 24*x**2 - 2*x + 38. What is m(24)?
-10
Let v(y) = -2*y**3 + 83*y**2 - 51*y + 416. What is v(41)?
6
Let a(o) = 4*o**2 + 9*o + 74. Give a(-3).
83
Let i(l) = 3*l + 129. Determine i(3).
138
Let h(w) = 3*w**2 + 265*w + 367. Determine h(-87).
19
Let r(m) = m**3 - 23*m**2 - 234*m + 5024. Give r(24).
-16
Let j(f) = 100*f**2 + 6*f - 18. Give j(2).
394
Let a(q) = -q**3 - 65*q**2 - 11*q - 467. Give a(-65).
248
Let i(n) = 3315*n + 6636. Give i(-2).
6
Let c(q) = -230*q - 2535. Determine c(-11).
-5
Let l(n) = -2*n**3 - 5*n**2 + 7. Give l(-5).
132
Let m(g) = -g**3 + 141*g**2 + 187*g - 6351. Determine m(142).
39
Let p(l) = -163*l - 20220. Give p(-124).
-8
Let m(f) = -68*f + 230. Calculate m(6).
-178
Let q(i) = i**3 + 4*i**2 - 94*i + 4. Calculate q(-12).
-20
Let b(a) = 3*a**3 - 2*a**2 - 19*a + 7. Determine b(-2).
13
Let n(c) = 1086*c + 3302. What is n(-3)?
44
Let w(o) = -19*o - 172. Calculate w(-15).
113
Let k(b) = 8*b**2 + 32*b - 129. Give k(3).
39
Let i(y) = 4*y**2 + 29*y - 87. Calculate i(7).
312
Let j(n) = 8*n**2 - 31*n + 71. Determine j(3).
50
Let h(n) = -16*n**3 + 3*n**2 - 2*n + 1. What is h(2)?
-119
Let o(m) = 47*m + 2531. Give o(-54).
-7
Let j(d) = d**3 + 73*d**2 - 736*d + 116. What is j(-82)?
-48
Let y(s) = 61*s**2 + 33*s - 68. Calculate y(2).
242
Let u(a) = 71*a - 1157. Determine u(18).
121
Let i(h) = -2*h**3 + 3*h + 100. Calculate i(0).
100
Let m(z) = z**2 - 28*z + 111. Give m(27).
84
Let i(o) = -6*o**2 - 17*o + 247. Give i(-8).
-1
Let x(c) = -c**3 + 3*c**2 + 2*c + 21. Determine x(5).
-19
Let y(z) = -2*z**2 + 38*z + 205. What is y(-5)?
-35
Let q(t) = 18*t**3 - 3*t**2 - 34*t - 32. Calculate q(-1).
-19
Let h(s) = -3*s**2 - 131*s - 100. Calculate h(-43).
-14
Let g(z) = 2*z**2 - 122*z + 306. Determine g(59).
70
Let y(v) = 21*v**3 + 66*v**2 - 73*v - 18. Give y(-4).
-14
Let x(t) = -t**2 + 39*t - 307. Give x(28).
1
Let d(s) = -s**3 + 21*s**2 + 29*s - 57. What is d(22)?
97
Let m(r) = -r**3 - 5*r**2 + 20*r + 45. Determine m(-6).
-39
Let m(c) = 341*c**3 + 11*c + 13. Determine m(-1).
-339
Let i(b) = -63*b - 177. Give i(-6).
201
Let h(c) = 261*c**3 + 2*c**2 - 31*c - 33. What is h(-1)?
-261
Let g(m) = 3*m**2 + 330*m - 6. What is g(-110)?
-6
Let s(b) = -102*b - 2705. Give s(-26).
-53
Let t(i) = -i**3 - 11*i**2 + 89*i + 47. Give t(-16).
-97
Let n(k) = -27*k + 780. Determine n(28).
24
Let i(b) = -282*b + 2793. What is i(10)?
-27
Let g(v) = -v**3 + 65*v**2 - 1033*v - 111. Determine g(37).
0
Let i(w) = -w**3 + 14*w**2 - 18*w + 25. Calculate i(11).
190
Let g(o) = 17*o + 105